False
Is 521 a composite number?
False
Is 110309 prime?
False
Is 29489 a composite number?
True
Is 986023 a composite number?
False
Is 4547 a prime number?
True
Is 2513 composite?
True
Is 202871 a prime number?
False
Is 10781 a composite number?
False
Is 797 a composite number?
False
Is 192667 composite?
False
Is 28331 composite?
True
Is 721733 prime?
True
Is 20137 composite?
True
Is 10109 prime?
False
Is 70607 a composite number?
False
Is 10029 composite?
True
Is 1563961 a composite number?
True
Is 106399 composite?
True
Is 2631323 a prime number?
True
Is 89589 composite?
True
Is 219653 a prime number?
False
Is 1067 composite?
True
Is 7907 prime?
True
Is 14845 prime?
False
Is 15959 prime?
True
Is 436919 prime?
False
Is 142483 prime?
False
Is 3091 a composite number?
True
Is 324271 prime?
False
Is 9561 prime?
False
Is 109661 a composite number?
False
Is 30161 a composite number?
False
Is 24481 a composite number?
False
Is 180039 composite?
True
Is 14117 prime?
False
Is 46433 composite?
True
Is 9917 prime?
False
Is 22519 prime?
False
Is 21439 composite?
True
Is 14981 composite?
True
Is 147911 prime?
False
Is 2033051 a composite number?
False
Is 7219 prime?
True
Is 199559 composite?
False
Is 9047 composite?
True
Is 22501 a composite number?
False
Is 16307 a prime number?
False
Is 284197 a prime number?
False
Is 32603 a prime number?
True
Is 576947 a prime number?
False
Is 2999 a prime number?
True
Is 17137 composite?
False
Is 122479 a prime number?
False
Is 121523 a composite number?
False
Is 1883 prime?
False
Is 552271 a composite number?
False
Is 1239979 prime?
False
Is 645313 composite?
False
Is 813797 a prime number?
True
Is 26417 a composite number?
False
Is 60531 a prime number?
False
Is 14591 a composite number?
False
Is 96283 composite?
True
Is 1218461 a composite number?
True
Is 446521 prime?
False
Is 102337 a prime number?
True
Is 645479 composite?
True
Is 20563 a prime number?
True
Is 34043 a prime number?
False
Is 9299 composite?
True
Is 462641 prime?
True
Is 23857 a composite number?
False
Is 4997455 prime?
False
Is 30605 a prime number?
False
Is 15007 prime?
False
Is 19373 composite?
False
Is 103349 a composite number?
False
Is 725201 a prime number?
True
Is 42323 a prime number?
True
Is 2503 prime?
True
Is 10637 composite?
True
Is 140969 a prime number?
False
Is 98507 composite?
False
Is 10937 composite?
False
Is 1699239 composite?
True
Is 30379 a composite number?
True
Is 9173 composite?
False
Is 622879 prime?
True
Is 56119 a composite number?
True
Is 23279 a prime number?
True
Is 112333 a composite number?
True
Is 158683 a composite number?
True
Is 430649 a prime number?
True
Is 21977 a prime number?
True
Is 383107 a composite number?
False
Is 303533 composite?
True
Is 37915 composite?
True
Is 6443 a prime number?
False
Is 617042 a composite number?
True
Is 48835 prime?
False
Is 683543 a composite number?
True
Is 214367 a prime number?
False
Is 595307 composite?
True
Is 38579 prime?
False
Is 6143 composite?
False
Is 12941 a prime number?
True
Is 135803 composite?
True
Is 61885 prime?
False
Is 430613 composite?
True
Is 1612613 prime?
False
Is 1641 composite?
True
Is 81611 composite?
False
Is 22171 a composite number?
False
Is 91331 a prime number?
True
Is 2081 a prime number?
True
Is 1121933 a composite number?
False
Is 116639 prime?
True
Is 435187 a prime number?
True
Is 307337 prime?
True
Is 874261 a composite number?
True
Is 67274 prime?
False
Is 3973 prime?
False
Is 79877 a composite number?
True
Is 288551 a composite number?
False
Is 129613 composite?
True
Is 6349 prime?
False
Is 52639 composite?
False
Is 100787 a composite number?
False
Is 281761 composite?
False
Is 3557 a composite number?
False
Is 21541 prime?
False
Is 49273 a composite number?
True
Is 11227 prime?
False
Is 571742 composite?
True
Is 2590063 a prime number?
False
Is 73559 a composite number?
True
Is 109423 a prime number?
True
Is 2336443 composite?
True
Is 1487041 a prime number?
False
Is 35151 a prime number?
False
Is 291971 composite?
False
Is 183049 a prime number?
False
Is 29797 prime?
False
Is 100609 prime?
True
Is 825542 composite?
True
Is 6257 a prime number?
True
Is 7639 a prime number?
True
Is 521 composite?
False
Is 94417 a composite number?
True
Is 311981 prime?
True
Is 75869 a composite number?
False
Is 81599 composite?
True
Is 103381 composite?
True
Is 325097 a composite number?
True
Is 114805 composite?
True
Is 1061 composite?
False
Is 1974831 a prime number?
False
Is 9649 composite?
False
Is 67003 prime?
True
Is 144281 composite?
True
Is 10583 a prime number?
False
Is 21959 composite?
True
Is 14197 a composite number?
False
Is 828683 a composite number?
True
Is 7807 a composite number?
True
Is 718451 prime?
False
Is 9677 composite?
False
Is 1151521 prime?
False
Is 9147 prime?
False
Is 17517 composite?
True
Is 71843 a prime number?
True
Is 7187 composite?
False
Is 74747 composite?
False
Is 4007 composite?
False
Is 173567 a prime number?
False
Is 1807 a prime number?
False
Is 3263933 prime?
True
Is 107093 a composite number?
True
Is 79939 prime?
True
Is 508139 prime?
False
Is 158153 prime?
False
Is 23089 a composite number?
True
Is 15943 composite?
True
Is 1007 composite?
True
Is 23801 a prime number?
True
Is 5209 a prime number?
True
Is 28057 a prime number?
True
Is 197413 a composite number?
True
Is 29443 composite?
False
Is 6389 composite?
False
Is 105871 a prime number?
True
Is 2759 a composite number?
True
Is 43711 a prime number?
True
Is 1807 a prime number?
False
Is 23603 a prime number?
True
Is 405913 composite?
True
Is 1435307 a composite number?
False
Is 135559 a composite number?
False
Is 257587 a prime number?
False
Is 47233 a composite number?
True
Is 63353 prime?
True
Is 1259 a prime number?
True
Is 27719 composite?
True
Is 99737 composite?
True
Is 6769 a prime number?
False
Is 455915 composite?
True
Is 37337 prime?
True
Is 4493 a composite number?
False
Is 2179 a prime number?
True
Is 45779 a prime number?
True
Is 3893 prime?
False
Is 9091 a prime number?
True
Is 320167 composite?
True
Is 185023 a composite number?
True
Is 594407 composite?
True
Is 19949 a prime number?
True
Is 105427 composite?
True
Is 2461495 a prime number?
False
Is 1160401 a composite number?
True
Is 95255 prime?
False
Is 367 composite?
False
Is 1313 prime?
False
Is 23531 a prime number?
True
Is 9293 a composite number?
False
Is 17938 prime?
False
Is 8257 composite?
True
Is 782359 a prime number?
False
Is 57439 a prime number?
False
Is 1438 a prime number?
False
Is 54719 a prime number?
False
Is 3433 prime?
True
Is 50497 a prime number?
True
Is 73181 a composite number?
False
Is 3181 composite?
False
Is 10213 a prime number?
False
Is 3981935 a prime number?
False
Is 5207 a composite number?
True
Is 150469 a composite number?
True
Is 6163 a prime number?
True
Is 14954 a prime number?
False
Is 181321 prime?
False
Is 1106363 a composite number?
False
Is 2667167 prime?
True
Is 143215 prime?
False
Is 178781 a prime number?
True
Is 8849 a prime number?
True
Is 97103 prime?
True
Is 4733 prime?
True
Is 427513 a composite number?
False
Is 2933 a prime number?
False
Is 11539 a composite number?
True
Is 89234 composite?
True
Is 3049543 a prime number?
False
Is 5209 composite?
False
Is 3299 a prime number?
True
Is 215309 a composite number?
False
Is 6442103 composite?
False
Is 61373 a composite number?
True
Is 453259 prime?
False
Is 2182639 composite?
False
Is 298237 prime?
True
Is 1760917 composite?
False
Is 12791 a composite number?
False
Is 1185137 a prime number?
False
Is 183893 composite?
True
Is 18899 prime?
True
Is 9917 a composite number?
True
Is 103193 prime?
False
Is 268439 a prime number?
True
Is 37397 prime?
True
Is 693257 composite?
False
Is 224251 prime?
True
Is 21631 a composite number?
True
Is 37039 a prime number?
True
Is 771601 a composite number?
True
Is 967933 a composite number?
True
Is 53681 a composite number?
False
Is 154441 a prime number?
False
Is 200809 composite?
True
Is 9601 prime?
True
Is 201389 prime?
True
Is 13313 a composite number?
False
Is 1714339 prime?
False
Is 28007 composite?
True
Is 70937 a prime number?
True
Is 47161 prime?
True
Is 146597 prime?
False
Is 475873 a composite number?
True
Is 227917 composite?
True
Is 3493 prime